{"id":3406,"date":"2020-12-01T17:01:15","date_gmt":"2020-12-01T20:01:15","guid":{"rendered":"https:\/\/grupolettalseg.com\/2jn\/?page_id=3406"},"modified":"2026-01-13T11:41:53","modified_gmt":"2026-01-13T14:41:53","slug":"tv-2jn","status":"publish","type":"page","link":"https:\/\/2dejulhonoticias.com.br\/2jn\/tv-2jn\/","title":{"rendered":"TV 2JN"},"content":{"rendered":"<div align=\"center\"><iframe src=\"https:\/\/sinalpublico.com\/player3\/ch.php?canal=boborj\" name=\"Player\" width=\"640\" height=\"400\" frameborder=\"0\" scrolling=\"no\" allowfullscreen=\"allowfullscreen\"> <\/iframe><\/div>\n","protected":false},"excerpt":{"rendered":"","protected":false},"author":1,"featured_media":0,"parent":0,"menu_order":0,"comment_status":"closed","ping_status":"closed","template":"page_builder.php","meta":{"footnotes":""},"class_list":["post-3406","page","type-page","status-publish","hentry"],"yoast_head":"<!-- This site is optimized with the Yoast SEO Premium plugin v23.7 (Yoast SEO v27.2) - https:\/\/yoast.com\/product\/yoast-seo-premium-wordpress\/ -->\n<title>TV 2JN - 2 de Julho Not\u00edcias<\/title>\n<meta name=\"description\" content=\"America-SP x Bahia - S\u00e3o Jos\u00e9 do Rio Preto 09\/01 HOJE 08:45 G9, Flamengo-SP x Vitoria - Guarulhos 09\/01 HOJE 15:15 G28, Atletico-Ba x Volta Redonda - Santa F\u00e9 do Sul 09\/01 HOJE 13:00 G1\" \/>\n<meta name=\"robots\" content=\"index, follow, max-snippet:-1, max-image-preview:large, max-video-preview:-1\" \/>\n<link rel=\"canonical\" href=\"https:\/\/2dejulhonoticias.com.br\/2jn\/tv-2jn\/\" \/>\n<meta name=\"twitter:card\" content=\"summary_large_image\" \/>\n<meta name=\"twitter:title\" content=\"TV 2JN - 2 de Julho Not\u00edcias\" \/>\n<meta name=\"twitter:description\" content=\"America-SP x Bahia - S\u00e3o Jos\u00e9 do Rio Preto 09\/01 HOJE 08:45 G9, Flamengo-SP x Vitoria - Guarulhos 09\/01 HOJE 15:15 G28, Atletico-Ba x Volta Redonda - Santa F\u00e9 do Sul 09\/01 HOJE 13:00 G1\" \/>\n<meta name=\"twitter:site\" content=\"@2_julho\" \/>\n<script type=\"application\/ld+json\" class=\"yoast-schema-graph\">{\"@context\":\"https:\/\/schema.org\",\"@graph\":[{\"@type\":\"WebPage\",\"@id\":\"https:\/\/2dejulhonoticias.com.br\/2jn\/tv-2jn\/\",\"url\":\"https:\/\/2dejulhonoticias.com.br\/2jn\/tv-2jn\/\",\"name\":\"TV 2JN - 2 de Julho Not\u00edcias\",\"isPartOf\":{\"@id\":\"https:\/\/2dejulhonoticias.com.br\/2jn\/#website\"},\"datePublished\":\"2020-12-01T20:01:15+00:00\",\"dateModified\":\"2026-01-13T14:41:53+00:00\",\"description\":\"America-SP x Bahia - S\u00e3o Jos\u00e9 do Rio Preto 09\/01 HOJE 08:45 G9, Flamengo-SP x Vitoria - Guarulhos 09\/01 HOJE 15:15 G28, Atletico-Ba x Volta Redonda - Santa F\u00e9 do Sul 09\/01 HOJE 13:00 G1\",\"breadcrumb\":{\"@id\":\"https:\/\/2dejulhonoticias.com.br\/2jn\/tv-2jn\/#breadcrumb\"},\"inLanguage\":\"pt-BR\",\"potentialAction\":[{\"@type\":\"ReadAction\",\"target\":[\"https:\/\/2dejulhonoticias.com.br\/2jn\/tv-2jn\/\"]}]},{\"@type\":\"BreadcrumbList\",\"@id\":\"https:\/\/2dejulhonoticias.com.br\/2jn\/tv-2jn\/#breadcrumb\",\"itemListElement\":[{\"@type\":\"ListItem\",\"position\":1,\"name\":\"In\u00edcio\",\"item\":\"https:\/\/2dejulhonoticias.com.br\/2jn\/\"},{\"@type\":\"ListItem\",\"position\":2,\"name\":\"TV 2JN\"}]},{\"@type\":\"WebSite\",\"@id\":\"https:\/\/2dejulhonoticias.com.br\/2jn\/#website\",\"url\":\"https:\/\/2dejulhonoticias.com.br\/2jn\/\",\"name\":\"2 de Julho Noticias - A not\u00edcia ao seu alcance\",\"description\":\"Noticias sobre Politica, Policia,Esporte,Vida e Estilo, Sa\u00fade,Moda e Beleza,Mundo da Fama,Emprego e Concursos,Arte e Cultura,Cama\u00e7ari\",\"publisher\":{\"@id\":\"https:\/\/2dejulhonoticias.com.br\/2jn\/#\/schema\/person\/a61e2ab9ae920711c9622c249b03dc16\"},\"potentialAction\":[{\"@type\":\"SearchAction\",\"target\":{\"@type\":\"EntryPoint\",\"urlTemplate\":\"https:\/\/2dejulhonoticias.com.br\/2jn\/?s={search_term_string}\"},\"query-input\":{\"@type\":\"PropertyValueSpecification\",\"valueRequired\":true,\"valueName\":\"search_term_string\"}}],\"inLanguage\":\"pt-BR\"},{\"@type\":[\"Person\",\"Organization\"],\"@id\":\"https:\/\/2dejulhonoticias.com.br\/2jn\/#\/schema\/person\/a61e2ab9ae920711c9622c249b03dc16\",\"name\":\"Reda\u00e7\u00e3o\",\"image\":{\"@type\":\"ImageObject\",\"inLanguage\":\"pt-BR\",\"@id\":\"https:\/\/2dejulhonoticias.com.br\/2jn\/wp-content\/uploads\/2020\/11\/logo2dejulho.png\",\"url\":\"https:\/\/2dejulhonoticias.com.br\/2jn\/wp-content\/uploads\/2020\/11\/logo2dejulho.png\",\"contentUrl\":\"https:\/\/2dejulhonoticias.com.br\/2jn\/wp-content\/uploads\/2020\/11\/logo2dejulho.png\",\"width\":291,\"height\":96,\"caption\":\"Reda\u00e7\u00e3o\"},\"logo\":{\"@id\":\"https:\/\/2dejulhonoticias.com.br\/2jn\/wp-content\/uploads\/2020\/11\/logo2dejulho.png\"},\"sameAs\":[\"https:\/\/www.facebook.com\/J2deJulho\",\"https:\/\/www.instagram.com\/mirobaia\/\",\"https:\/\/www.linkedin.com\/in\/mirobaia\/\",\"https:\/\/x.com\/2_julho\",\"https:\/\/www.youtube.com\/c\/MiroBaia\"]}]}<\/script>\n<!-- \/ Yoast SEO Premium plugin. -->","yoast_head_json":{"title":"TV 2JN - 2 de Julho Not\u00edcias","description":"America-SP x Bahia - S\u00e3o Jos\u00e9 do Rio Preto 09\/01 HOJE 08:45 G9, Flamengo-SP x Vitoria - Guarulhos 09\/01 HOJE 15:15 G28, Atletico-Ba x Volta Redonda - Santa F\u00e9 do Sul 09\/01 HOJE 13:00 G1","robots":{"index":"index","follow":"follow","max-snippet":"max-snippet:-1","max-image-preview":"max-image-preview:large","max-video-preview":"max-video-preview:-1"},"canonical":"https:\/\/2dejulhonoticias.com.br\/2jn\/tv-2jn\/","twitter_card":"summary_large_image","twitter_title":"TV 2JN - 2 de Julho Not\u00edcias","twitter_description":"America-SP x Bahia - S\u00e3o Jos\u00e9 do Rio Preto 09\/01 HOJE 08:45 G9, Flamengo-SP x Vitoria - Guarulhos 09\/01 HOJE 15:15 G28, Atletico-Ba x Volta Redonda - Santa F\u00e9 do Sul 09\/01 HOJE 13:00 G1","twitter_site":"@2_julho","schema":{"@context":"https:\/\/schema.org","@graph":[{"@type":"WebPage","@id":"https:\/\/2dejulhonoticias.com.br\/2jn\/tv-2jn\/","url":"https:\/\/2dejulhonoticias.com.br\/2jn\/tv-2jn\/","name":"TV 2JN - 2 de Julho Not\u00edcias","isPartOf":{"@id":"https:\/\/2dejulhonoticias.com.br\/2jn\/#website"},"datePublished":"2020-12-01T20:01:15+00:00","dateModified":"2026-01-13T14:41:53+00:00","description":"America-SP x Bahia - S\u00e3o Jos\u00e9 do Rio Preto 09\/01 HOJE 08:45 G9, Flamengo-SP x Vitoria - Guarulhos 09\/01 HOJE 15:15 G28, Atletico-Ba x Volta Redonda - Santa F\u00e9 do Sul 09\/01 HOJE 13:00 G1","breadcrumb":{"@id":"https:\/\/2dejulhonoticias.com.br\/2jn\/tv-2jn\/#breadcrumb"},"inLanguage":"pt-BR","potentialAction":[{"@type":"ReadAction","target":["https:\/\/2dejulhonoticias.com.br\/2jn\/tv-2jn\/"]}]},{"@type":"BreadcrumbList","@id":"https:\/\/2dejulhonoticias.com.br\/2jn\/tv-2jn\/#breadcrumb","itemListElement":[{"@type":"ListItem","position":1,"name":"In\u00edcio","item":"https:\/\/2dejulhonoticias.com.br\/2jn\/"},{"@type":"ListItem","position":2,"name":"TV 2JN"}]},{"@type":"WebSite","@id":"https:\/\/2dejulhonoticias.com.br\/2jn\/#website","url":"https:\/\/2dejulhonoticias.com.br\/2jn\/","name":"2 de Julho Noticias - A not\u00edcia ao seu alcance","description":"Noticias sobre Politica, Policia,Esporte,Vida e Estilo, Sa\u00fade,Moda e Beleza,Mundo da Fama,Emprego e Concursos,Arte e Cultura,Cama\u00e7ari","publisher":{"@id":"https:\/\/2dejulhonoticias.com.br\/2jn\/#\/schema\/person\/a61e2ab9ae920711c9622c249b03dc16"},"potentialAction":[{"@type":"SearchAction","target":{"@type":"EntryPoint","urlTemplate":"https:\/\/2dejulhonoticias.com.br\/2jn\/?s={search_term_string}"},"query-input":{"@type":"PropertyValueSpecification","valueRequired":true,"valueName":"search_term_string"}}],"inLanguage":"pt-BR"},{"@type":["Person","Organization"],"@id":"https:\/\/2dejulhonoticias.com.br\/2jn\/#\/schema\/person\/a61e2ab9ae920711c9622c249b03dc16","name":"Reda\u00e7\u00e3o","image":{"@type":"ImageObject","inLanguage":"pt-BR","@id":"https:\/\/2dejulhonoticias.com.br\/2jn\/wp-content\/uploads\/2020\/11\/logo2dejulho.png","url":"https:\/\/2dejulhonoticias.com.br\/2jn\/wp-content\/uploads\/2020\/11\/logo2dejulho.png","contentUrl":"https:\/\/2dejulhonoticias.com.br\/2jn\/wp-content\/uploads\/2020\/11\/logo2dejulho.png","width":291,"height":96,"caption":"Reda\u00e7\u00e3o"},"logo":{"@id":"https:\/\/2dejulhonoticias.com.br\/2jn\/wp-content\/uploads\/2020\/11\/logo2dejulho.png"},"sameAs":["https:\/\/www.facebook.com\/J2deJulho","https:\/\/www.instagram.com\/mirobaia\/","https:\/\/www.linkedin.com\/in\/mirobaia\/","https:\/\/x.com\/2_julho","https:\/\/www.youtube.com\/c\/MiroBaia"]}]}},"_links":{"self":[{"href":"https:\/\/2dejulhonoticias.com.br\/2jn\/wp-json\/wp\/v2\/pages\/3406","targetHints":{"allow":["GET"]}}],"collection":[{"href":"https:\/\/2dejulhonoticias.com.br\/2jn\/wp-json\/wp\/v2\/pages"}],"about":[{"href":"https:\/\/2dejulhonoticias.com.br\/2jn\/wp-json\/wp\/v2\/types\/page"}],"author":[{"embeddable":true,"href":"https:\/\/2dejulhonoticias.com.br\/2jn\/wp-json\/wp\/v2\/users\/1"}],"replies":[{"embeddable":true,"href":"https:\/\/2dejulhonoticias.com.br\/2jn\/wp-json\/wp\/v2\/comments?post=3406"}],"version-history":[{"count":1,"href":"https:\/\/2dejulhonoticias.com.br\/2jn\/wp-json\/wp\/v2\/pages\/3406\/revisions"}],"predecessor-version":[{"id":36249,"href":"https:\/\/2dejulhonoticias.com.br\/2jn\/wp-json\/wp\/v2\/pages\/3406\/revisions\/36249"}],"wp:attachment":[{"href":"https:\/\/2dejulhonoticias.com.br\/2jn\/wp-json\/wp\/v2\/media?parent=3406"}],"curies":[{"name":"wp","href":"https:\/\/api.w.org\/{rel}","templated":true}]}}